at is -198 + -56909?
-57107
In base 16, what is 16f822 - 13?
16f80f
In base 10, what is -2 - 2947888?
-2947890
In base 2, what is -11110011000101 + 100100110?
-11101110011111
In base 10, what is 12 + -10390300?
-10390288
In base 3, what is -20101 - -10101100220210?
10101100200102
In base 12, what is -15b5b22 - 20?
-15b5b42
In base 16, what is 5 + -1f45371?
-1f4536c
In base 8, what is 244270172 + -25?
244270145
In base 15, what is -3c657a4 + 11?
-3c65793
In base 12, what is 3632959 + -2?
3632957
In base 2, what is -10011100010001111010110111 - 1?
-10011100010001111010111000
In base 2, what is -11 - 1011010000010001001101?
-1011010000010001010000
In base 14, what is 12 - -5acb490?
5acb4a2
In base 14, what is 1 - -3d55458?
3d55459
In base 15, what is 265 - 1749a2?
-17473c
In base 2, what is -101010001000110 - 1011010?
-101010010100000
In base 2, what is -11101 - 10001001101001001?
-10001001101100110
In base 13, what is -8 - 177cbc?
-177cc7
In base 5, what is -124031 + 2041110?
1412024
In base 16, what is -4a66 - -1576?
-34f0
In base 14, what is -135 + -b1aa?
-b301
In base 2, what is -1001101100 - -11011111011?
10010001111
In base 5, what is 2032 + -124104140?
-124102103
In base 16, what is 1 - 92af?
-92ae
In base 5, what is -3321011 + 1130?
-3314331
In base 6, what is 31 - -15400045350?
15400045421
In base 5, what is 1033111141 - -324?
1033112020
In base 16, what is 2 - 6e3bd80?
-6e3bd7e
In base 16, what is 6b8b - -2bcc?
9757
In base 12, what is b25a111 + -4?
b25a109
In base 16, what is -15256 - -222?
-15034
In base 8, what is -3202 - 4554?
-7756
In base 5, what is 232144 + -4324423?
-4042224
In base 4, what is -3001003 - 101220202?
-110221211
In base 10, what is -2587497 - -3?
-2587494
In base 4, what is 130 + 313303012333?
313303013123
In base 11, what is -12 - 4058578a?
-405857a1
In base 3, what is 212022210 - 1220010?
210102200
In base 14, what is 2a805626 + 0?
2a805626
In base 13, what is 19b9c - 428?
19774
In base 2, what is -100110111 - 1100001110111000101?
-1100001111011111100
In base 7, what is -3033000 + -6260?
-3042260
In base 6, what is -4 + 32051352?
32051344
In base 5, what is -32144101 + -10?
-32144111
In base 13, what is 8c93c5 + 3b?
8c9433
In base 7, what is -5 - -126423526?
126423521
In base 15, what is 488742 - 3?
48873e
In base 3, what is 21220220110 - 22000122?
21121212211
In base 12, what is -210 - 21b693?
-21b8a3
In base 11, what is -2 - 1393303?
-1393305
In base 13, what is -a - 36355?
-36362
In base 3, what is 11012100 - 10112020?
200010
In base 10, what is -47069785 - -1?
-47069784
In base 4, what is 2121011000 + 3032?
2121020032
In base 12, what is 3 + -923949?
-923946
In base 7, what is 3325 - 5316103?
-5312445
In base 3, what is 10012 - 10212201222?
-10212121210
In base 10, what is 19256 + -18015?
1241
In base 3, what is -1 - 121110002112121?
-121110002112122
In base 11, what is -24a3 - -3232?
83a
In base 6, what is 0 + 524152021?
524152021
In base 9, what is -333 - 112011?
-112344
In base 12, what is -7800ab + -92?
-780181
In base 10, what is 1233 + -11746?
-10513
In base 5, what is 3 + -30331243?
-30331240
In base 4, what is -210022 + 23222?
-120200
In base 13, what is -7734c - -60?
-772bc
In base 8, what is 22 - -10323251?
10323273
In base 4, what is 320112 - -1103103?
2023221
In base 5, what is 404 + -34222312?
-34221403
In base 3, what is -2200 - -11212100222?
11212021022
In base 11, what is 631 - -44a83?
45604
In base 12, what is 28a1432 + -8?
28a1426
In base 2, what is 100100101011001001000 - -10011010?
100100101011011100010
In base 14, what is -9826c9 - -8?
-9826c1
In base 15, what is -66a + -4da2?
-551c
In base 15, what is -10ab - 2243?
-32ee
In base 4, what is -312 - 20011033?
-20012011
In base 7, what is 64243 + 56355?
153631
In base 16, what is 161 - 141e9?
-14088
In base 2, what is 101100111000101 - -1110100?
101101000111001
In base 10, what is 34 + -321900?
-321866
In base 4, what is -13 - -120023213?
120023200
In base 10, what is -7 + -8962184?
-8962191
In base 9, what is 141 + -132127?
-131876
In base 7, what is -632 + 261055?
260123
In base 9, what is -53080414 + 3?
-53080411
In base 9, what is 4 - -12800734?
12800738
In base 10, what is 695811 - 22?
695789
In base 16, what is -5e46e - -7b?
-5e3f3
In base 5, what is -12031222302 - 10?
-12031222312
In base 5, what is 4 - 14213223404?
-14213223400
In base 6, what is -15550231 + -24?
-15550255
In base 4, what is -23111 - 20130033?
-20213210
In base 11, what is 1058 + 49870?
4a918
In base 6, what is 3002030 + 135?
3002205
In base 6, what is 52023105 - -320?
52023425
In base 12, what is 11 + -2760196?
-2760185
In base 13, what is -520a1 + 1a?
-52084
In base 8, what is -237 - 25340717?
-25341156
In base 11, what is 346125 + 148?
346272
In base 15, what is -3aa + -758d?
-7948
In base 11, what is -8 - 106631?
-106639
In base 10, what is -10551683 + -2?
-10551685
In base 7, what is 400 + 1156062?
1156462
In base 16, what is -fd57 + 32d?
-fa2a
In base 11, what is -263a + -273a?
-5279
In base 4, what is -120332102 + 122?
-120331320
In base 9, what is -210418015 - -3?
-210418012
In base 4, what is 1132232310 - 2210?
1132230100
In base 12, what is 2 - 2711867?
-2711865
In base 10, what is 215564324 + 0?
215564324
In base 2, what is -100001111100100101101100 - 100?
-100001111100100101110000
In base 6, what is -34050 - 152124?
-230214
In base 5, what is -10410441 - -41201?
-10314240
In base 8, what is -24512111 + -20?
-24512131
In base 15, what is -21 - 81aa28?
-81aa49
In base 15, what is -846396 - -5?
-846391
In base 13, what is 916 + -1aa015?
-1a93cc
In base 5, what is 433001 - -32400?
1020401
In base 8, what is 5 - 32254277?
-32254272
In base 5, what is 100444 - -244104?
400103
In base 7, what is -12 + 33155415?
33155403
In base 4, what is -1212303210 + 10220?
-1212232330
In base 11, what is -1 - -21189a10?
21189a0a
In base 5, what is -243134 - 10443?
-304132
In base 16, what is -2 + 4b355?
4b353
In base 3, what is 210110011110200 - -12?
210110011110212
In base 15, what is 70c + 433?
b40
In base 9, what is 244 + -433731?
-433476
In base 8, what is 2000447 - -3?
2000452
In base 7, what is -543624 - -13?
-543611
In base 10, what is 13756 + 29?
13785
In base 15, what is 327c - -2eb?
3578
In base 5, what is -300423 - -34031?
-211342
In base 2, what is 0 - 1010100000001010111110?
-1010100000001010111110
In base 7, what is -120413 - -325?
-120055
In base 10, what is -4 + -6544654?
-6544658
In base 10, what is -4 - -4106834?
4106830
In base 6, what is -100221 + -1005?
-101230
In base 6, what is 220 - 3055420?
-3055200
In base 13, what is -76175 - 394?
-76539
In base 10, what is 39 - 902927?
-902888
In base 5, what is -100110213 - -24?
-100110134
In base 10, what is 1 + -2493206?
-2493205
In base 11, what is 6749986 + 4?
674998a
In base 12, what is 4 - 6b6b6304?
-6b6b6300
In base 5, what is 103 - -302213144?
302213302
In base 4, what is -23 + 3303130212?
3303130123
In base 4, what is -1010023 + 132212?
-211211
In base 9, what is -4485811 - 32?
-4485843
In base 4, what is -3033002021020 + 3?
-3033002021011
In base 13, what is -18c17 - -432?
-187b5
In base 6, what is 1514 + -3100?
-1142
In base 16, what is 721 - 5e7?
13a
In base 10, what is -324 - -3425721?
3425397
In base 7, what is -2414 + -40560?
-43304
In base 13, what is 2707ab - 0?
2707ab
In base 15, what is -4b - -7db24b?
7db200
In base 9, what is 1440 + -52173?
-50633
In base 7, what is -3203321 - 23?
-3203344
In base 8, what is -7375237 - 517?
-7375756
In base 7, what is -123366 - 6126?
-132525
In base 9, what is 26 + -1563272?
-1563245
In base 12, what is 5 + 481aa6?
481aab
In base 13, what is 1bb5a981 - -2?
1bb5a983
In base 8, what is -12652 + -132?
-13004
In base 2, what is 100100101110011001010000010 - -10?
100100101110011001010000100
In base 14, what is -456 + 5143?
4acb
In base 4, what is 1100 + -3021232?
-3020132
In base 12, what is 3 + -51747b?
-517478
In base 12, what is 2b8ba + -1851?
2a069
In base 2, what is 1100010000001000 - 1001001000?
1100000111000000
In base 8, what is 4740 - -7531?
14471
In base 7, what is -134 - -34554232?
34554065
In base 6, what is -1140 - 2231122?
-2232302
In base 6, what is 3145100 - -123?
3145223
In base 16, what is 4d67 + 298?
4fff
In base 7, what is -460202566 + -13?
